-121 - -153?
32
In base 12, what is -ab + -4?
-b3
In base 4, what is -21 + -2?
-23
In base 9, what is -18648 - 5?
-18654
In base 2, what is -1111 - 1000?
-10111
In base 11, what is 230 - 25?
206
In base 4, what is 102101 + -2?
102033
In base 3, what is -2 - -2200?
2121
In base 6, what is 23340 + 5?
23345
In base 11, what is -1 - 113?
-114
In base 12, what is 70 + -1?
6b
In base 9, what is -272 + 6?
-265
In base 7, what is -2 - -15?
13
In base 7, what is -5 - 2420?
-2425
In base 12, what is 22aa - -2?
22b0
In base 5, what is -1 - 1434?
-1440
In base 11, what is 48 + -53?
-6
In base 3, what is -2 - -1000221?
1000212
In base 7, what is -4254 - 11?
-4265
In base 5, what is 10 - -30?
40
In base 10, what is 679 + 0?
679
In base 9, what is -4 - -708?
704
In base 14, what is -17 - 8?
-21
In base 3, what is -21 + -1012?
-1110
In base 16, what is -5 - -a9?
a4
In base 11, what is 0 + 77a?
77a
In base 8, what is -1 - -3665?
3664
In base 11, what is 448 + 3?
450
In base 14, what is 2c - 0?
2c
In base 10, what is 5 - 27?
-22
In base 16, what is 152 + 0?
152
In base 16, what is 7 + -2bc?
-2b5
In base 5, what is 3 - -4034?
4042
In base 16, what is 3 - -24?
27
In base 14, what is -6b + 4?
-67
In base 7, what is 4 + -10?
-3
In base 11, what is -35 + 3?
-32
In base 5, what is -4 - 1112?
-1121
In base 6, what is 144 - -32?
220
In base 7, what is -23 + 1?
-22
In base 2, what is -111011 + 0?
-111011
In base 13, what is 1095 + -5?
1090
In base 3, what is 11022 - 0?
11022
In base 8, what is 104 - 415?
-311
In base 14, what is -20 - 77?
-97
In base 10, what is -7085 + 3?
-7082
In base 5, what is -200 - -3000?
2300
In base 8, what is 0 - -4272?
4272
In base 13, what is -22c - -5?
-227
In base 9, what is 3 - -65?
68
In base 11, what is 438 - -16?
453
In base 9, what is -25 - -4?
-21
In base 6, what is -125 + 10?
-115
In base 12, what is 69 - 1b?
4a
In base 13, what is 3 - -114?
117
In base 12, what is -4 - 1503?
-1507
In base 15, what is -31 + -50?
-81
In base 3, what is -1 - -21001210?
21001202
In base 15, what is 1 - 90?
-8e
In base 13, what is 7 + 3a?
44
In base 14, what is -3 - 22?
-25
In base 5, what is 10334 + 4?
10343
In base 13, what is 0 - 3?
-3
In base 12, what is -3a + -4?
-42
In base 13, what is -22 + a?
-15
In base 2, what is 1 + -1001001111100?
-1001001111011
In base 6, what is -45 - -24?
-21
In base 10, what is 492 + 55?
547
In base 4, what is -33113 - -3?
-33110
In base 2, what is 11000 + 1?
11001
In base 8, what is -7 + 50?
41
In base 10, what is -848 + 4?
-844
In base 14, what is -5 - 3b7?
-3bc
In base 2, what is 0 - -1000110001?
1000110001
In base 16, what is 3 + c?
f
In base 3, what is -1122020 + -1?
-1122021
In base 16, what is -5 + 1b?
16
In base 16, what is -24 - -459?
435
In base 13, what is -13 + 14?
1
In base 3, what is 0 - 1220?
-1220
In base 11, what is 34 + -629?
-5a5
In base 15, what is -1 - -38?
37
In base 8, what is -4 - 12?
-16
In base 13, what is 13 - 330?
-31a
In base 5, what is 21 - 2414?
-2343
In base 7, what is 4 - 31?
-24
In base 3, what is -111 - 112?
-1000
In base 7, what is 33322 - 4?
33315
In base 4, what is 1020 + 20?
1100
In base 3, what is 10020 - 10?
10010
In base 15, what is 5 + 13?
18
In base 4, what is 11 + -203?
-132
In base 5, what is 22 - 40?
-13
In base 3, what is -1220 - -22?
-1121
In base 4, what is 3 - -2?
11
In base 4, what is 1021 - -2?
1023
In base 13, what is 9 - -1a1?
1aa
In base 13, what is 5 + 393?
398
In base 5, what is 1 + -303?
-302
In base 2, what is -100111111000110 + 0?
-100111111000110
In base 10, what is 21 - -571?
592
In base 5, what is -1 + 2012?
2011
In base 4, what is 10 + 13021?
13031
In base 10, what is -2 - 1863?
-1865
In base 14, what is 26 + -2?
24
In base 12, what is -5 - -15b?
156
In base 6, what is -1 + 2540?
2535
In base 5, what is 1111 + 102?
1213
In base 2, what is -10 - -10010100?
10010010
In base 4, what is -11 - 132?
-203
In base 15, what is -2 + 67?
65
In base 14, what is 17 - 61?
-48
In base 11, what is 963 + 15?
978
In base 8, what is 6340 - 1?
6337
In base 15, what is -3 + c?
9
In base 11, what is 4 + 485?
489
In base 12, what is 1 - 114a?
-1149
In base 6, what is -245 + 5?
-240
In base 8, what is -402 + -1?
-403
In base 8, what is -3 - 5365?
-5370
In base 11, what is -23 + -7?
-2a
In base 7, what is 100 - -5?
105
In base 12, what is -73a + -1?
-73b
In base 16, what is 144c + 1?
144d
In base 14, what is -25b - 2?
-25d
In base 14, what is -1 + 53?
52
In base 7, what is 5 + 5?
13
In base 14, what is -31 - -12?
-1d
In base 9, what is 3 - -311?
314
In base 16, what is 3b0 - -7?
3b7
In base 7, what is -4 + 105?
101
In base 16, what is 4 + -a0?
-9c
In base 12, what is -80 + -14?
-94
In base 16, what is -1a - -33?
19
In base 6, what is 0 + -522?
-522
In base 7, what is 4 - 6?
-2
In base 15, what is 4 - 74?
-70
In base 11, what is 2 + -29?
-27
In base 12, what is 43 - -14?
57
In base 13, what is -3 - -b?
8
In base 12, what is 126b + -5?
1266
In base 15, what is 2 + -872?
-870
In base 4, what is 12330 + 1?
12331
In base 9, what is -101 - -5?
-85
In base 9, what is 11 - -161?
172
In base 5, what is -11102 + 2?
-11100
In base 10, what is -5 - -182?
177
In base 9, what is -3026 - 2?
-3028
In base 14, what is 37 + 4?
3b
In base 14, what is 138d - 3?
138a
In base 16, what is 8b + -3?
88
In base 15, what is c + -7?
5
In base 5, what is 4 - -1321?
1330
In base 8, what is 367 + -2?
365
In base 10, what is 3 - -111?
114
In base 6, what is 104443 - -3?
104450
In base 11, what is -48 + 4?
-44
In base 16, what is 126 + 4?
12a
In base 16, what is 3 + -2f2?
-2ef
In base 15, what is 160 + 4?
164
In base 14, what is -2a63 - 3?
-2a66
In base 8, what is -43 + 134?
71
In base 14, what is bd + 3?
c2
In base 4, what is 11 - 130?
-113
In base 12, what is 45 + -4?
41
In base 16, what is -5 - -fd?
f8
In base 7, what is 100 - -5?
105
In base 8, what is -6 - -37?
31
In base 8, what is 3 - -212?
215
In base 7, what is 10 + 15?
25
In base 14, what is 1a - 0?
1a
In base 3, what is -12 - 1202222?
-1210011
In base 2, what is 10101100 + -111?
10100101
In base 13, what is 0 - 12?
-12
In base 7, what is 145 - -3?
151
In base 5, what is 42004 - -1?
42010
In base 6, what is -2 - 112?
-114
In base 12, what is -351 - 4?
-355
In base 4, what is 10 - 10201?
-10131
In base 4, what is 30 - -1013?
1103
In base 6, what is -20 - 10?
-30
In base 8, what is 1 + 54?
55
In base 3, what is -1111102 - -12?
-1111020
In base 14, what is -1 - -58d?
58c
In base 4, what is 132 + -33?
33
In base 9, what is 4 + -1853?
-1848
In base 5, what is 12142 - 1?
12141
In base 4, what is 0 - -302?
302
In base 5, what is 4233 + -1?
4232
In base 5, what is -340 - 114?
-1004
In base 16, what is 6e - -2?
70
In base 16, what is 4 - -a92?
a96
In base 7, what is 3 - -143?
146
In base 13, what is -8 - -14?
9
In base 13, what is 5 + -46?
-41
In base 5, what is -12 + 3?
-4
In base 10, what is 43 + 5?
48
In base 8, what is 107 - -5?
114
In base 4, what is -33 - 21?
-120
In base 13, what is -67 + 137?
a0
In base 14, what is -5 - -2c?
27
In base 2, what is -1101 - -1100101011?
1100011110
In base 8, what is -15 - -5?
-10
In base 9, what is -1 + -122?
-123
In base 14, what is 7d3 - 4?
7cd
In base 4, what is -20223 - -2?
-20221
In base 6, what is -10 + 234?
224
In base 11, what is 1a - -312?
331
In base 5, what is 1122231 - -3?
1122234
In base 12, what is -5 + -48?
-51
In base 14, what is 0 - 41?
-41
In base 9, what is 2 - -41?
43
In base 13, what is 9c + 18?
b7
In base 13, what is -6 + 4?
-2
In base 6, what is 2 + -3502?
-3500
In base 8, what is 42 + 7?
51
In base 16, what is 2 - 8?
-6
In base 8, what is -44 - -13?
-31
In base 14, what is 4 - 58?
-54
In base 10, what is 1 - 84?
-83
In base 12, what is 0 + -4b6?
-4b6
In base 4, what is -3 - -2300?
2231
In base 10, what is -67 - -1?
-66
In base 10, what is 1979 - 2?
1977
In base 13, what is 205 + -4?
201
In base 12, what is -4 - 485?
-489
In base 11, what is 3 + -15a3?
-15a0
In base 14, what is 45d + -4?
459
In base 6, what is 2303 + 51?
2354
In base 16, what is -b - -2e?
23
In base 2, what is 11010110001 - -10?
11010110011
In base 14, what is 1641 - -1?
1642
In base 4, what is -213 - -3133?
2320
In base 8, what is 30 + -16?
12
In base 16, what is -1d + 5?
-18
In base 7, what is 4 - 3?
1
In base 2, what is 10100001